 factor of 58 and t?
29
Suppose c + 5 = -2*b + b, -4*b + 2*c = 2. Let v be (11/(-1))/(b/14). Suppose -10 = -4*y + 34. What is the greatest common divisor of v and y?
11
Suppose -24 = -5*r + r. Let f = -6 + r. Suppose -x = -2*j - 116, f = -3*x + 4*j + 133 + 207. Calculate the greatest common factor of x and 12.
12
Let k = -2 - -56. Calculate the highest common divisor of 6 and k.
6
Suppose 2*i - 3*a - 31 = 0, 4 = 2*a + 14. What is the highest common divisor of 24 and i?
8
Let x(g) = -g**3 + 14*g**2 - 3*g - 1. Let o be x(5). Calculate the highest common divisor of 19 and o.
19
Let g be -2 - (-1 - (-23 + -1)). Let y = 39 + g. Let o = -22 - -29. What is the greatest common factor of o and y?
7
Suppose -y + 2*y = 0. Suppose y = 5*p - 0*p. Suppose -2*h + 64 = 3*h - 2*l, p = -5*h - l + 58. What is the greatest common divisor of 96 and h?
12
Suppose -54 + 8 = -2*o. Suppose 5*a - d = o, -10 = -4*a + 3*d - 5*d. What is the highest common factor of 2 and a?
2
Let i(c) = c**3 - 7*c**2 - 3*c + 4. Let u be i(6). Let h = u - -130. Suppose -h = -o - o. What is the greatest common divisor of 16 and o?
8
Let l be 0 - 0/(3 - 6). Suppose l = 2*p - 4*i, 0 = -2*i + i + 3. Calculate the greatest common divisor of p and 48.
6
Let q(s) = s**2 - 6*s - 8. Suppose -2*j - 2*b - 16 - 4 = 0, 2*b + 26 = -3*j. Let p be q(j). Calculate the highest common divisor of p and 16.
16
Let k be (-13 - -19) + 10/(-2). Calculate the highest common factor of k and 5.
1
Let u be (-68)/(-8) + (-1)/2. Let n(f) = 2*f**3 - 2*f**2 - f - 2. Let m be n(2). Let c = u - m. What is the highest common divisor of 4 and c?
4
Suppose 0 = 5*r + 9 - 29. Let y be r/16 + 742/8. Suppose 2*b - 14 = -4*p, 4*b - 6*p - y = -p. Calculate the greatest common factor of 51 and b.
17
Let k = 16 - 4. Suppose 0 = 5*f + k - 32. Suppose -b - 3*d = -7, -8*b + 38 = -f*b + 2*d. What is the highest common divisor of 30 and b?
10
Suppose -t + 756 = 4*t + 2*w, -4*w + 12 = 0. What is the greatest common factor of t and 60?
30
Let s be (-1 - (-2 + 3))/(-1). Let v = s - -3. Suppose g - v = 28. Calculate the highest common factor of g and 11.
11
Let v = -108 - -218. What is the greatest common divisor of 22 and v?
22
Suppose -119 - 9 = -4*h. What is the highest common divisor of 16 and h?
16
Let i = 36 + -16. Suppose -2*v = i + 16. Let f be v/((3/2)/(-1)). What is the highest common factor of 8 and f?
4
Let x be (-51)/(-2)*(-4)/(-6). Suppose 3*r + 3*k - 7*k - 59 = 0, 2*r + 5*k = 24. Let o be (r/(-3))/(1/(-24)). Calculate the highest common factor of o and x.
17
Suppose -2*t - 3 = u - 26, 5*t - 95 = 5*u. Calculate the greatest common divisor of 7 and t.
7
Suppose 0 = y - 5*j + 13, 0 = 4*y - 3*j + 7 - 40. Suppose -324 = -4*s + s. What is the greatest common factor of y and s?
12
Let i(s) = -6*s**3 + 5*s**2 + 2. Let y(f) = -7*f**3 + 6*f**2 + 3. Let o(k) = -6*i(k) + 5*y(k). Let l be o(3). Calculate the highest common factor of 15 and l.
15
Suppose 0 = -2*a + m - 3, -3*m = 3*a - 7*m + 2. Let i be (-56)/(-1) - (-3 - a). Calculate the greatest common divisor of i and 19.
19
Suppose -34 = 5*y + 4*u - u, 2*u + 28 = -4*y. Let n(t) = -t + 8. Let l be n(y). Let z be (3 - (-471)/3)/1. Calculate the greatest common factor of z and l.
16
Let n be 60/(-14) - (-4)/14. Let r(i) = -29*i + 5. Let a be r(n). What is the greatest common divisor of a and 11?
11
Suppose o = 2*o. Suppose o = s - 4*s + 108. Calculate the highest common factor of 12 and s.
12
Let j(h) = h**2 + 2*h + 4. Let l be j(-4). What is the greatest common divisor of 8 and l?
4
Let q(b) = b**2 - 15*b - 11. Let s be q(16). Calculate the highest common factor of 40 and s.
5
Suppose 5*c - 2*f - 108 = 102, -3*f = 3*c - 105. Calculate the greatest common factor of c and 5.
5
Suppose -6*o + 2 = -16. What is the greatest common divisor of 4 and o?
1
Suppose 2*v = 5*v - 3. Calculate the highest common factor of 4 and v.
1
Suppose 664 = 2*w - 3*h, -2*w + 350 = 4*h - 300. Let l = w + -213. Let g = 10 + l. What is the highest common factor of g and 14?
14
Suppose -2 = -r - 4*r - 3*a, 0 = -3*a - 3. Let u = -2 - r. Let z be (-110)/(-4) - u/6. What is the highest common divisor of 42 and z?
14
Suppose -336 = 6*t - 18*t. Calculate the highest common factor of t and 14.
14
Suppose 2 = -4*z - 6. Let d = z + 10. Let n = -104 - -168. Calculate the highest common divisor of d and n.
8
Let v(h) = -4*h + 26*h + 4 - 5. Let u be v(3). What is the greatest common divisor of 26 and u?
13
Let c(j) = 7*j + 0*j + 0 - 1 + 4*j. Let d = 8 - 5. Let s be c(d). What is the greatest common divisor of s and 48?
16
Let w = -12 - -20. Suppose h + h - w = 0. Suppose 0 = h*v, 2*v = 2*z + 3*v - 60. What is the greatest common factor of z and 3?
3
Let t = 8 - 1. Suppose 0*z + r = 4*z - 11, 0 = 2*z + 4*r - 28. Suppose 36 = 3*w - 2*k, -z*k = w - 13 - 13. Calculate the greatest common factor of t and w.
7
Suppose -2*v = 44 - 132. Suppose i - 6*i + 320 = 0. Suppose 4*k = v + i. Calculate the greatest common factor of 9 and k.
9
Let j = 27 - 16. Calculate the highest common divisor of 44 and j.
11
Let n(r) be the first derivative of 11*r**2/2 - 3*r + 1. Let q(z) = -z - 6. Let p be q(-8). Let c be n(p). Calculate the highest common divisor of c and 209.
19
Let r be 50/((-2 - -1) + 2). Suppose s = 5*k + 2, 2*s - 4*k - r = -s. Suppose 0 = -3*v + 238 - s. What is the highest common divisor of 8 and v?
8
Let l be 5 + 1/(-1) + 0. Let y be -1*(-1)/(2/l). Suppose -4*h + y = -18. Calculate the greatest common divisor of 5 and h.
5
Suppose -4*p + 72 = 4*z, 5*p - 51 = -5*z + 3*z. Suppose -3*n = 3*m - 288, -2*n + 0*n + 2*m = -172. Calculate the greatest common factor of z and n.
13
Suppose 11*p - 4*a - 118 = 8*p, 4*p + 2*a - 172 = 0. Calculate the highest common divisor of 63 and p.
21
Suppose -5*c + 15 = -2*v - 17, 2*v = 4*c - 26. What is the highest common factor of c and 54?
6
Suppose 3*v - 12 = 2*v. Suppose -2*m + 0*m = 10, 260 = -4*g - 4*m. Let u be (18/(-5))/(2/g). Calculate the greatest common divisor of u and v.
12
Let a = 6 - -2. Suppose -2*g - 4*q + 22 = a, 3*q + 49 = 2*g. What is the highest common factor of g and 102?
17
Suppose f - 3 = -5*c, 3*f + 2*c - 1 = 8. Suppose f*l + 0*l + 9 = 0, -4*l = 4*g - 372. What is the highest common divisor of g and 12?
12
Let d = 101 - 39. Let m = d + -17. Calculate the highest common divisor of m and 15.
15
Let g = 14 - 5. Let p(o) = 72*o. Let x be p(1). What is the highest common factor of x and g?
9
Suppose 0 = p - 3*w - 624, 0*p + 4*p = -2*w + 2468. Suppose 5*n = 382 + p. What is the greatest common divisor of n and 25?
25
Let a be 14*((-28)/(-8) + -3). What is the highest common factor of a and 63?
7
Let r = -2 + 11. Let g = 24 - r. Let x = 77 + -47. Calculate the greatest common divisor of x and g.
15
Let c(r) = 3*r**2 - 15*r + 22. Let q be c(9). What is the greatest common divisor of 26 and q?
26
Suppose 4*b + 2 + 6 = 0, -4*b + 4 = 3*t. Suppose -q + 5 = -3*a, 0 = -3*q - 4*a - 4 - 7. Let j = q + 2. Calculate the highest common factor of j and t.
1
Let k = -255 - -381. Suppose -3*x - 219 = 3*g - 0*x, -2*g - 162 = -2*x. Let i = k + g. Calculate the greatest common divisor of i and 7.
7
Let r be 0 + 0*(-1)/3. Let i = r + -4. Let c be ((-8)/i)/(2/22). What is the highest common divisor of c and 88?
22
Let w be 4/(-10) - 368/(-20). Calculate the highest common divisor of 18 and w.
18
Suppose 23 = 3*g + 2. Let s(t) = -45*t + 2. Let h be s(-2). Suppose h = 3*j + 8. What is the greatest common factor of g and j?
7
Suppose 9 = -2*w - t, w - 4*w - 2*t = 16. Let r be w/(-7) - (-124)/7. Let n be 180/(-2)*(-2)/4. What is the greatest common divisor of n and r?
9
Suppose 22*j - 128 = 20*j. Calculate the highest common factor of 16 and j.
16
Let z = -17 + 59. Calculate the greatest common divisor of 42 and z.
42
Let d = -25 - -17. Let r be d/(-5)*(9 - -1). What is the highest common divisor of r and 2?
2
Suppose -8 + 4 = -s. Calculate the highest common divisor of 20 and s.
4
Let w = -121 - -123. What is the highest common factor of 10 and w?
2
Let l(r) = -2*r**3 + 2*r + 1 + r + 0 - r**2. Let i be l(-2). What is the greatest common divisor of 77 and i?
7
Suppose 0 = 2*v - 8, -3*v = -5*d + v - 1. Let y(o) = o**3 - 3*o - 4. Let u be y(d). What is the highest common divisor of 56 and u?
14
Suppose 4*p + 